s 285221 a composite number?
False
Is 110613 composite?
True
Is 1931 a composite number?
False
Is 19661 prime?
True
Is 14369 a prime number?
True
Is 72263 composite?
True
Is 47953 a composite number?
True
Is 177827 a prime number?
False
Is 22391 prime?
True
Is 42509 a prime number?
True
Is 345938 prime?
False
Is 673 a composite number?
False
Is 13157 a composite number?
True
Is 290317 a prime number?
True
Is 8663 composite?
False
Is 384357 a composite number?
True
Is 21647 composite?
False
Is 7453 a composite number?
True
Is 556559 prime?
True
Is 51115 composite?
True
Is 47455 composite?
True
Is 28807 composite?
False
Is 15689 a prime number?
False
Is 755971 a prime number?
False
Is 475561 a prime number?
False
Is 216193 prime?
False
Is 204569 prime?
False
Is 3487 prime?
False
Is 737 a prime number?
False
Is 379 a prime number?
True
Is 2838359 a composite number?
False
Is 1712081 a composite number?
True
Is 71014 a prime number?
False
Is 9383 a composite number?
True
Is 63647 composite?
False
Is 27543 a composite number?
True
Is 44087 a composite number?
False
Is 11177 a prime number?
True
Is 800093 prime?
False
Is 11731 prime?
True
Is 3802 a prime number?
False
Is 513419 a prime number?
True
Is 83177 composite?
False
Is 9523 a prime number?
False
Is 393387 a composite number?
True
Is 1420967 a composite number?
False
Is 404773 composite?
False
Is 1556679 a composite number?
True
Is 213547 prime?
False
Is 455299 a prime number?
False
Is 142003 composite?
True
Is 9535 composite?
True
Is 4703 composite?
False
Is 147943 prime?
False
Is 99861 composite?
True
Is 14369 a composite number?
False
Is 742499 composite?
False
Is 227299 a composite number?
False
Is 3647 composite?
True
Is 178307 a prime number?
True
Is 108707 a prime number?
True
Is 926879 prime?
True
Is 25439 prime?
True
Is 1026887 a composite number?
False
Is 331 composite?
False
Is 22353 a prime number?
False
Is 477145 a prime number?
False
Is 14811 composite?
True
Is 1597 prime?
True
Is 471005 a composite number?
True
Is 2243 composite?
False
Is 17093 a composite number?
False
Is 1088849 composite?
True
Is 2263 a prime number?
False
Is 404663 prime?
False
Is 90691 a prime number?
False
Is 38113 prime?
True
Is 673487 composite?
False
Is 3919 a prime number?
True
Is 10261 a prime number?
False
Is 24611 prime?
True
Is 1115 prime?
False
Is 145949 a composite number?
False
Is 161087 prime?
True
Is 62461 prime?
False
Is 12301 a prime number?
True
Is 15551 a composite number?
False
Is 72817 prime?
True
Is 102139 a composite number?
False
Is 349387 a prime number?
True
Is 35611 composite?
True
Is 54709 prime?
True
Is 2194663 a prime number?
True
Is 208037 prime?
True
Is 35031 prime?
False
Is 169199 prime?
True
Is 1679143 a composite number?
False
Is 1332713 a prime number?
True
Is 29321 prime?
False
Is 1477409 a prime number?
True
Is 2997563 composite?
False
Is 15047 a composite number?
True
Is 5969 a prime number?
False
Is 703643 a composite number?
False
Is 2749 a prime number?
True
Is 157321 prime?
True
Is 31273 a composite number?
True
Is 69547 a composite number?
True
Is 1058881 a prime number?
False
Is 2453 a composite number?
True
Is 3309935 a composite number?
True
Is 217307 composite?
False
Is 61547 composite?
False
Is 6143 a prime number?
True
Is 43379 prime?
False
Is 1003267 a prime number?
False
Is 56591 a composite number?
False
Is 906869 prime?
True
Is 28802 prime?
False
Is 350813 a prime number?
False
Is 3427 a prime number?
False
Is 7283 composite?
False
Is 232327 composite?
True
Is 49003 prime?
True
Is 315667 prime?
False
Is 40967 a composite number?
True
Is 6421 a composite number?
False
Is 50223 composite?
True
Is 177109 prime?
True
Is 6 a prime number?
False
Is 366599 composite?
False
Is 91489 prime?
False
Is 65167 a prime number?
True
Is 81749 prime?
True
Is 460871 a composite number?
False
Is 5937 prime?
False
Is 165857 composite?
False
Is 1003 a composite number?
True
Is 31357 composite?
False
Is 48239 a prime number?
True
Is 3013 a prime number?
False
Is 169357 prime?
False
Is 448829 prime?
True
Is 95983 composite?
True
Is 25243 a prime number?
True
Is 84361 prime?
False
Is 382087 a composite number?
False
Is 485647 a composite number?
False
Is 1657 a composite number?
False
Is 6943 prime?
False
Is 668407 a composite number?
False
Is 63943 a prime number?
False
Is 93983 a prime number?
True
Is 966647 a prime number?
False
Is 384805 a prime number?
False
Is 236581 prime?
False
Is 50237 a composite number?
True
Is 13331 composite?
False
Is 219729 composite?
True
Is 21139 a composite number?
False
Is 18581 a prime number?
False
Is 28759 a prime number?
True
Is 1009 prime?
True
Is 1361 a prime number?
True
Is 7559 prime?
True
Is 37495 a composite number?
True
Is 127031 prime?
True
Is 1864855 a prime number?
False
Is 331649 a prime number?
False
Is 222671 a prime number?
False
Is 7453 a composite number?
True
Is 176017 prime?
True
Is 25219 a prime number?
True
Is 141023 composite?
False
Is 4831 a composite number?
False
Is 6343 a composite number?
False
Is 6389 prime?
True
Is 48907 a composite number?
False
Is 2557045 composite?
True
Is 3643 prime?
True
Is 15247 composite?
True
Is 3281 a prime number?
False
Is 168581 a composite number?
True
Is 638981 prime?
False
Is 2171 a prime number?
False
Is 590731 prime?
False
Is 10709 a prime number?
True
Is 875807 a prime number?
False
Is 91645 prime?
False
Is 9923 composite?
False
Is 14591 a composite number?
False
Is 217057 a composite number?
False
Is 8497 prime?
False
Is 1408961 prime?
True
Is 5567 a composite number?
True
Is 140803 prime?
False
Is 6383 a prime number?
False
Is 26813 a composite number?
False
Is 137923 prime?
False
Is 15959 prime?
True
Is 12953 composite?
False
Is 45593 composite?
True
Is 7834 prime?
False
Is 77137 composite?
False
Is 307477 a prime number?
False
Is 876097 prime?
True
Is 1851071 a prime number?
True
Is 900037 composite?
False
Is 3199 a prime number?
False
Is 129799 prime?
False
Is 61735 prime?
False
Is 140559 prime?
False
Is 3661 composite?
True
Is 4406 a composite number?
True
Is 125063 a prime number?
True
Is 67495 composite?
True
Is 71699 prime?
True
Is 409337 a prime number?
True
Is 792213 a composite number?
True
Is 55523 a composite number?
True
Is 24515 a composite number?
True
Is 4853 a prime number?
False
Is 58753 a prime number?
False
Is 102463 composite?
True
Is 1137 a composite number?
True
Is 29686 composite?
True
Is 12461 prime?
False
Is 15811 a composite number?
True
Is 677813 prime?
True
Is 590489 composite?
False
Is 56701 prime?
True
Is 11467 a prime number?
True
Is 1157591 a composite number?
False
Is 259793 a composite number?
True
Is 8749 prime?
False
Is 67027 a composite number?
True
Is 71059 a prime number?
True
Is 268537 prime?
True
Is 1889 composite?
False
Is 739 a prime number?
True
Is 21787 a composite number?
False
Is 18431 prime?
False
Is 26149 composite?
True
Is 93523 a prime number?
True
Is 1334771 composite?
False
Is 836233 a composite number?
False
Is 250583 composite?
False
Is 3046 a prime number?
False
Is 11197 a prime number?
True
Is 3389 a composite number?
False
Is 16969 a composite number?
True
Is 67463 a prime number?
False
Is 21787 a composite number?
False
Is 123815 a composite number?
True
Is 99079 a prime number?
True
Is 620233 prime?
True
Is 37514 a prime number?
False
Is 199399 a prime number?
True
Is 761521 a prime number?
True
Is 10007 a composite number?
False
Is 341593 a prime number?
False
Is 294629 a prime number?
True
Is 1399 prime?
True
Is 74071 a composite number?
False
Is 789187 a prime number?
False
Is 221251 prime?
True
Is 102433 prime?
True
Is 245963 a composite number?
False
Is 267857 a composite number?
False
Is 470199 a composite number?
True
Is 21037 prime?
False
Is 105097 prime?
True
Is 44677 a composite number?
True
Is 893989 a prime number?
True
Is 17467 a prime number?
True
Is 265 a prime number?
False
Is 13997 prime?
True
Is 20593 composite?
False
Is 35059 a prime number?
True
Is 561013 a prime number?
False
Is 26997 prime?
False
Is 72119 composite?
True
Is 6467 prime?
False
Is 362177 prime?
True
Is 211 prime?
True
Is 149269 prime?
True
Is 9533 composite?
False
Is 19033 a composite number?
True
Is 7817 composite?
False
Is 23